 j = q - 26. Calculate the greatest common factor of j and 3.
1
Let g = -140 - -252. Let p be (-3)/((-77)/(-98) - 1). What is the highest common divisor of p and g?
14
Suppose 4*g = 5*w - 1583, -g + 628 = 2*w - 0*w. Suppose 5*i - w = 5*r, -4*i - 63 = -3*r - 312. What is the highest common factor of 20 and i?
20
Let r = -14 - -10. Let b = r + 13. Suppose 0 = -v + 5 + 4. What is the greatest common factor of v and b?
9
Let l = 13259 - 13253. Suppose -3*o = -3*y + 138, -o + 6*o - 154 = -3*y. Calculate the highest common factor of l and y.
6
Suppose -4*c - 5*g + 815 = -2*c, -3*c = 5*g - 1215. What is the greatest common factor of 280 and c?
40
Let n be 2/(-5) + 16009/35. Suppose -1601 + n = -13*k. Calculate the highest common factor of 8 and k.
8
Let z be (36/(-27))/(1/3). Let m be 0/(z*(-3)/12). Suppose 4*f + 0 = -4, -5*k - 2*f + 1098 = m. Calculate the greatest common divisor of k and 44.
44
Let b(n) = 17*n + 241. Let s be b(-11). Calculate the greatest common divisor of 12 and s.
6
Let k be 16/12*-3 - -12. Suppose -4*v + 2*j - k = 0, 4*v - 4*j + 28 = -7*j. Let l be (-160)/v - (-4 - -2). Calculate the greatest common factor of 6 and l.
6
Suppose -3*m = -2*m - 16. Let i = -106 - 164. Let r be -1 + (-3)/(-2) + i/(-36). What is the greatest common divisor of r and m?
8
Suppose 0 = -5*k + 20 + 80. What is the highest common factor of k and 160?
20
Let v(q) = 21 - 43 + q**3 + 9*q**2 + 17 - 15*q + 4*q**2. Let c be ((-3)/(-2))/((-9)/84). Let k be v(c). Calculate the greatest common factor of k and 72.
9
Suppose 75*u - 61*u = 364. Suppose 4*j - 109 = -3*w + 94, -5*j = 4*w - 270. Calculate the greatest common divisor of w and u.
13
Suppose -15*n = -10*n - q - 540, -5*n + 3*q = -540. What is the greatest common factor of 252 and n?
36
Let f(v) = v**2 + 8*v - 4. Let y be f(-9). Suppose -12 = -y*o - w, 0 = -w + 2. What is the highest common divisor of o and 8?
2
Let z(l) = 6*l - l**3 - 10*l**2 - 4*l - 3*l - 6 + 2*l. Let g be z(-10). Let s = -7 - g. What is the highest common factor of 81 and s?
9
Suppose 3*q = -2*q + 35. Let t(g) = 20*g**2 + 1. Let a be -1 - 3 - (4 - 7). Let z be t(a). What is the greatest common factor of z and q?
7
Let w be (2/(-4))/(3/(-72)*-1). Let i be 1 + 3362/22 - w/66. Calculate the highest common factor of 14 and i.
14
Suppose -3*k + 5*b = -82, k - 2*k + 2*b + 28 = 0. What is the highest common factor of 588 and k?
12
Suppose -5*u - j = -8*u + 442, 590 = 4*u - j. Calculate the greatest common divisor of 1406 and u.
74
Let v = -1285 + 525. Let g be v/(-14) + 2/(-7). Calculate the greatest common divisor of g and 81.
27
Suppose 3*d + 37 = x - 23, -385 = -8*x + 5*d. Calculate the highest common divisor of x and 165.
15
Let v = 83 - 43. Suppose m = -4*n + 13, -2*n = -3*m + v + 13. What is the greatest common divisor of m and 68?
17
Suppose 8*v = -5*v + 975. Suppose -d - f = -6*d + v, -f + 5 = 0. What is the greatest common divisor of d and 4?
4
Let v(l) = 16 + 2*l + 17 - 12 + 18. Let j be v(-11). Calculate the greatest common divisor of j and 68.
17
Suppose 5*o = -4*p + 11 + 10, 3*o + p = 14. Calculate the highest common divisor of o and 295.
5
Let r be (-2 - -4)*(-20)/(-8). Suppose -r*u = -9*u + 1184. What is the highest common factor of u and 37?
37
Let r be 3 + 286/4 + 12/24. Suppose 2*h + 158 = 3*b, 2*h = -2*b + 6*h + 116. What is the greatest common factor of b and r?
25
Let n be 4 - (-28 + 20)*(-1)/(-2). What is the highest common factor of 1576 and n?
8
Let u be 2/5 - (-36456)/210. What is the highest common divisor of 116 and u?
58
Suppose 4*d + 3 = 5*d. Suppose -j = 3*w - 29, 0 = -2*w - 2*w + 5*j + 7. Let b be 9/d*w - -1. What is the highest common factor of b and 50?
25
Let c = 30 + -27. Suppose 7*p - 252 = c*p. Suppose 2*a - 117 - p = 0. Calculate the greatest common divisor of a and 15.
15
Let n be (-13)/((-65)/(-54))*(-70)/42. Let h be 0/1*(-2)/4. Suppose h*a - 60 = -4*o - 3*a, 0 = -5*o - 5*a + 70. What is the highest common factor of o and n?
18
Let w(j) = 20*j - 138. Let y be w(7). What is the greatest common factor of y and 6?
2
Let i(o) = -9*o**3 + 2*o + 1. Let j be i(-1). Let h be 762/j + 6/(-24). Suppose 5*x - h - 45 = 0. What is the greatest common factor of 308 and x?
28
Let d be (0 + 1)/((-7)/(-434)). Suppose 4*s + d = 2*s. Let o = s - -36. Calculate the greatest common factor of o and 5.
5
Let b(t) = t**3 - 55*t**2 + 49*t + 303. Let d be b(54). What is the highest common divisor of d and 352?
11
Let n(q) = 33*q**2 + 2*q - 1. Let p = 63 + -62. Let m be n(p). What is the highest common factor of 306 and m?
34
Let f be (-2)/9 - 1705/(-99). Suppose 12*t - 13*t + f = 0. Let g = t - 1. What is the highest common divisor of g and 4?
4
Let u(m) = 11 + 5*m + 2*m**2 - m - 4*m. Let n be u(-11). Suppose -7*h + 9*h = 46. What is the greatest common factor of h and n?
23
Let w be 6/210*15 - (-54)/21. Calculate the greatest common factor of 72 and w.
3
Suppose -3*d - 268 = -4*b, -3*b - 2*d + 3*d + 206 = 0. Suppose 6*v = -v + b. What is the greatest common factor of v and 1?
1
Let z = 13 + -11. Suppose 0*a + z*a = -6. Let q(m) = -5*m - 1. Let v be q(a). What is the greatest common factor of v and 98?
14
Let t = 687 - 107. Calculate the highest common divisor of 20 and t.
20
Suppose -251*w + 252*w = 114. What is the highest common factor of w and 38?
38
Let s = -171 + 241. Calculate the highest common divisor of s and 70.
70
Let d be (0 - -1) + 70 + (-2)/(-1). Let i = -35 + d. Calculate the highest common factor of i and 152.
38
Let g = 79 - 66. Let i be (-102)/(-2) - (-3 - -2). Calculate the greatest common factor of g and i.
13
Let d = 2945 - 2929. Calculate the greatest common divisor of d and 192.
16
Let s(z) = 48*z - 307. Let n be s(10). What is the greatest common divisor of 2 and n?
1
Let x = 29 + -9. Let d be 51/12 + 8/(-32). Suppose -r = -d*l + 2*r + 23, r - 3 = 0. What is the greatest common divisor of l and x?
4
Let c(s) = -2*s - 8. Let r be c(-17). Suppose 18 = -4*b - r. Let q be b/(-55) - 48/(-10). Calculate the greatest common factor of q and 1.
1
Suppose 0 = 3*l - r - 0 - 25, 3 = l + 5*r. What is the highest common divisor of l and 200?
8
Let i be 3021/9 + 1/3. Suppose -4*f - 272 = 4*q, f = 5*q + 4*f + i. Let n be (q/(-7))/(15/210). What is the greatest common factor of n and 12?
12
Let i = -214 - -232. Let p(a) = -a**2 - 13*a + 5. Let c be p(-8). Calculate the highest common divisor of i and c.
9
Let f be (22/(-4))/(3/(-6)). Let y be (2/(-4))/((44/(-40))/f). Calculate the greatest common divisor of y and 5.
5
Let b(i) = i**2 - 5*i - 6. Let r be b(7). Let t = -8 - -13. Suppose t*k = 9*k - 160. What is the highest common factor of r and k?
8
Let b be (1 - 0)*10/2. Suppose -5*f = -b*i - 330, i = 5*f + 3*i - 316. Let n = -26 + 42. Calculate the greatest common factor of n and f.
16
Let i be 65 - (0 - 8/2). Let x be (-12)/(-60) + i/5. Let t = -40 - -96. What is the greatest common factor of t and x?
14
Let p = 3343 - 3340. Let u be 1 - (1 + -13 + 1). What is the greatest common divisor of p and u?
3
Let h be (1 + 3/(-6))*12. Let c(d) = 7*d - 21. Let u be c(h). What is the greatest common factor of u and 14?
7
Suppose -2*g + 30 = 13*g. Suppose -3*v + 135 = g*l, 7*v + 170 = 3*l + 5*v. Calculate the greatest common factor of 12 and l.
12
Let p = -47 - -97. Let i be p - 2*-3*5/(-10). Calculate the greatest common factor of 470 and i.
47
Let q be -11 + 10 + -3 + 40/1. Calculate the greatest common factor of 99 and q.
9
Suppose 0*q - 22 = -q. Let k be (-8 + 1)*44286/(-1281). What is the highest common divisor of k and q?
22
Let c = 15 - 16. Let y be (-1)/(((-1)/(-34))/c). Let t = y - 16. Calculate the greatest common divisor of t and 27.
9
Let s be 7 + (0 + 2)*-1. Suppose 83 = s*k - 27. Calculate the highest common divisor of 1 and k.
1
Suppose o + 2*s = -34, 122 = -4*o - 7*s + 6*s. Let y be -21*-2*(-5)/o. What is the highest common divisor of 2 and y?
1
Let u = 45 - 28. What is the highest common divisor of 17 and u?
17
Let z(y) = -2*y**3 - 4*y**2 + 12*y - 2. Let u be z(-5). What is the highest common factor of 16 and u?
8
Let a = 83 - 81. Suppose -a*s - 264 = -14*s. Calculate the highest common factor of 55 and s.
11
Let x(v) = 0*v**3 + 4*v + 3*v**2 + v - v - v**3. Let j be x(3). Let h(n) = -5*n + 6. Let z be h(-6). C